81.167.26.57 - - [01/May/2026:10:06:17 -0500] "GET /debug.php?fileloc=//bin/patch&path=//bin HTTP/1.1" 200 3163 "-" "Mozilla/5.0 (compatible; MJ12bot/v1.4.8; http://mj12bot.com/)"
81.167.26.57 - - [01/May/2026:10:06:21 -0500] "GET /debug.php?fileloc=//bin/pathchk&path=//bin HTTP/1.1" 200 3165 "-" "Mozilla/5.0 (compatible; MJ12bot/v1.4.8; http://mj12bot.com/)"
81.167.26.57 - - [01/May/2026:10:06:25 -0500] "GET /debug.php?fileloc=//bin/pchrt&path=//bin HTTP/1.1" 200 7456 "-" "Mozilla/5.0 (compatible; MJ12bot/v1.4.8; http://mj12bot.com/)"
81.167.26.57 - - [01/May/2026:10:06:29 -0500] "GET /debug.php?fileloc=//bin/pcre-config&path=//bin HTTP/1.1" 200 5533 "-" "Mozilla/5.0 (compatible; MJ12bot/v1.4.8; http://mj12bot.com/)"
81.167.26.57 - - [01/May/2026:10:06:33 -0500] "GET /debug.php?fileloc=//bin/pdf2dsc&path=//bin HTTP/1.1" 200 3972 "-" "Mozilla/5.0 (compatible; MJ12bot/v1.4.8; http://mj12bot.com/)"
81.167.26.57 - - [01/May/2026:10:06:36 -0500] "GET /debug.php?fileloc=//bin/pdf2ps&path=//bin HTTP/1.1" 200 4220 "-" "Mozilla/5.0 (compatible; MJ12bot/v1.4.8; http://mj12bot.com/)"
81.167.26.57 - - [01/May/2026:10:06:39 -0500] "GET /debug.php?fileloc=//bin/pdns_control&path=//bin HTTP/1.1" 200 3170 "-" "Mozilla/5.0 (compatible; MJ12bot/v1.4.8; http://mj12bot.com/)"
81.167.26.57 - - [01/May/2026:10:06:47 -0500] "GET /debug.php?fileloc=//bin/pdnsutil&path=//bin HTTP/1.1" 200 3122 "-" "Mozilla/5.0 (compatible; MJ12bot/v1.4.8; http://mj12bot.com/)"
81.167.26.57 - - [01/May/2026:10:06:51 -0500] "GET /debug.php?fileloc=//bin/peekfd&path=//bin HTTP/1.1" 200 3164 "-" "Mozilla/5.0 (compatible; MJ12bot/v1.4.8; http://mj12bot.com/)"
81.167.26.57 - - [01/May/2026:10:06:55 -0500] "GET /debug.php?fileloc=//bin/perl&path=//bin HTTP/1.1" 200 3162 "-" "Mozilla/5.0 (compatible; MJ12bot/v1.4.8; http://mj12bot.com/)"
81.167.26.57 - - [01/May/2026:10:06:59 -0500] "GET /debug.php?fileloc=//bin/perl5.16.3&path=//bin HTTP/1.1" 200 3168 "-" "Mozilla/5.0 (compatible; MJ12bot/v1.4.8; http://mj12bot.com/)"
81.167.26.57 - - [01/May/2026:10:07:03 -0500] "GET /debug.php?fileloc=//bin/perlbug&path=//bin HTTP/1.1" 200 51193 "-" "Mozilla/5.0 (compatible; MJ12bot/v1.4.8; http://mj12bot.com/)"
81.167.26.57 - - [01/May/2026:10:07:06 -0500] "GET /debug.php?fileloc=//bin/perldoc&path=//bin HTTP/1.1" 200 3381 "-" "Mozilla/5.0 (compatible; MJ12bot/v1.4.8; http://mj12bot.com/)"
81.167.26.57 - - [01/May/2026:10:07:09 -0500] "GET /debug.php?fileloc=//bin/perlivp&path=//bin HTTP/1.1" 200 14786 "-" "Mozilla/5.0 (compatible; MJ12bot/v1.4.8; http://mj12bot.com/)"
81.167.26.57 - - [01/May/2026:10:07:12 -0500] "GET /debug.php?fileloc=//bin/perlml&path=//bin HTTP/1.1" 200 3164 "-" "Mozilla/5.0 (compatible; MJ12bot/v1.4.8; http://mj12bot.com/)"
81.167.26.57 - - [01/May/2026:10:07:16 -0500] "GET /debug.php?fileloc=//bin/perlthanks&path=//bin HTTP/1.1" 200 51196 "-" "Mozilla/5.0 (compatible; MJ12bot/v1.4.8; http://mj12bot.com/)"
81.167.26.57 - - [01/May/2026:10:07:19 -0500] "GET /debug.php?fileloc=//bin/perror&path=//bin HTTP/1.1" 200 3164 "-" "Mozilla/5.0 (compatible; MJ12bot/v1.4.8; http://mj12bot.com/)"
81.167.26.57 - - [01/May/2026:10:07:25 -0500] "GET /debug.php?fileloc=//bin/pf2afm&path=//bin HTTP/1.1" 200 3732 "-" "Mozilla/5.0 (compatible; MJ12bot/v1.4.8; http://mj12bot.com/)"
81.167.26.57 - - [01/May/2026:10:07:29 -0500] "GET /debug.php?fileloc=//bin/pfbtopfa&path=//bin HTTP/1.1" 200 3799 "-" "Mozilla/5.0 (compatible; MJ12bot/v1.4.8; http://mj12bot.com/)"
81.167.26.57 - - [01/May/2026:10:07:33 -0500] "GET /debug.php?fileloc=//bin/pflags&path=//bin HTTP/1.1" 200 5454 "-" "Mozilla/5.0 (compatible; MJ12bot/v1.4.8; http://mj12bot.com/)"
81.167.26.57 - - [01/May/2026:10:07:36 -0500] "GET /debug.php?fileloc=//bin/pftp&path=//bin HTTP/1.1" 200 3162 "-" "Mozilla/5.0 (compatible; MJ12bot/v1.4.8; http://mj12bot.com/)"
81.167.26.57 - - [01/May/2026:10:07:40 -0500] "GET /debug.php?fileloc=//bin/pgawk&path=//bin HTTP/1.1" 200 3163 "-" "Mozilla/5.0 (compatible; MJ12bot/v1.4.8; http://mj12bot.com/)"
81.167.26.57 - - [01/May/2026:10:07:44 -0500] "GET /debug.php?fileloc=//bin/pgrep&path=//bin HTTP/1.1" 200 3163 "-" "Mozilla/5.0 (compatible; MJ12bot/v1.4.8; http://mj12bot.com/)"
81.167.26.57 - - [01/May/2026:10:07:49 -0500] "GET /debug.php?fileloc=//bin/php&path=//bin HTTP/1.1" 200 4122 "-" "Mozilla/5.0 (compatible; MJ12bot/v1.4.8; http://mj12bot.com/)"
81.167.26.57 - - [01/May/2026:10:07:53 -0500] "GET /debug.php?fileloc=//bin/pic&path=//bin HTTP/1.1" 200 3161 "-" "Mozilla/5.0 (compatible; MJ12bot/v1.4.8; http://mj12bot.com/)"
81.167.26.57 - - [01/May/2026:10:07:58 -0500] "GET /debug.php?fileloc=//bin/piconv&path=//bin HTTP/1.1" 200 11883 "-" "Mozilla/5.0 (compatible; MJ12bot/v1.4.8; http://mj12bot.com/)"
81.167.26.57 - - [01/May/2026:10:08:04 -0500] "GET /debug.php?fileloc=//bin/pidstat&path=//bin HTTP/1.1" 200 3165 "-" "Mozilla/5.0 (compatible; MJ12bot/v1.4.8; http://mj12bot.com/)"
81.167.26.57 - - [01/May/2026:10:08:09 -0500] "GET /debug.php?fileloc=//bin/pinentry&path=//bin HTTP/1.1" 200 6103 "-" "Mozilla/5.0 (compatible; MJ12bot/v1.4.8; http://mj12bot.com/)"
43.163.206.70 - - [01/May/2026:10:08:13 -0500] "GET /cgi-cache-0a72e6/?C=S;O=A HTTP/1.1" 200 836 "-" "Mozilla/5.0 (iPhone; CPU iPhone OS 13_2_3 like Mac OS X) AppleWebKit/605.1.15 (KHTML, like Gecko) Version/13.0.3 Mobile/15E148 Safari/604.1"
81.167.26.57 - - [01/May/2026:10:08:13 -0500] "GET /debug.php?fileloc=//bin/pinentry-curses&path=//bin HTTP/1.1" 200 3173 "-" "Mozilla/5.0 (compatible; MJ12bot/v1.4.8; http://mj12bot.com/)"
81.167.26.57 - - [01/May/2026:10:08:18 -0500] "GET /debug.php?fileloc=//bin/ping&path=//bin HTTP/1.1" 200 3162 "-" "Mozilla/5.0 (compatible; MJ12bot/v1.4.8; http://mj12bot.com/)"
81.167.26.57 - - [01/May/2026:10:08:23 -0500] "GET /debug.php?fileloc=//bin/ping6&path=//bin HTTP/1.1" 200 3163 "-" "Mozilla/5.0 (compatible; MJ12bot/v1.4.8; http://mj12bot.com/)"
81.167.26.57 - - [01/May/2026:10:08:26 -0500] "GET /debug.php?fileloc=//bin/pinky&path=//bin HTTP/1.1" 200 3163 "-" "Mozilla/5.0 (compatible; MJ12bot/v1.4.8; http://mj12bot.com/)"
81.167.26.57 - - [01/May/2026:10:08:30 -0500] "GET /debug.php?fileloc=//bin/pk12util&path=//bin HTTP/1.1" 200 3166 "-" "Mozilla/5.0 (compatible; MJ12bot/v1.4.8; http://mj12bot.com/)"
81.167.26.57 - - [01/May/2026:10:08:34 -0500] "GET /debug.php?fileloc=//bin/pkaction&path=//bin HTTP/1.1" 200 3166 "-" "Mozilla/5.0 (compatible; MJ12bot/v1.4.8; http://mj12bot.com/)"
81.167.26.57 - - [01/May/2026:10:08:38 -0500] "GET /debug.php?fileloc=//bin/pkcheck&path=//bin HTTP/1.1" 404 - "-" "Mozilla/5.0 (compatible; MJ12bot/v1.4.8; http://mj12bot.com/)"
81.167.26.57 - - [01/May/2026:10:08:39 -0500] "GET /debug.php?fileloc=//bin/pkexec&path=//bin HTTP/1.1" 200 3164 "-" "Mozilla/5.0 (compatible; MJ12bot/v1.4.8; http://mj12bot.com/)"
81.167.26.57 - - [01/May/2026:10:08:43 -0500] "GET /debug.php?fileloc=//bin/pkg-config&path=//bin HTTP/1.1" 200 3168 "-" "Mozilla/5.0 (compatible; MJ12bot/v1.4.8; http://mj12bot.com/)"
81.167.26.57 - - [01/May/2026:10:08:46 -0500] "GET /debug.php?fileloc=//bin/pkill&path=//bin HTTP/1.1" 200 3163 "-" "Mozilla/5.0 (compatible; MJ12bot/v1.4.8; http://mj12bot.com/)"
81.167.26.57 - - [01/May/2026:10:08:49 -0500] "GET /debug.php?fileloc=//bin/pkla-admin-identities&path=//bin HTTP/1.1" 200 3179 "-" "Mozilla/5.0 (compatible; MJ12bot/v1.4.8; http://mj12bot.com/)"
81.167.26.57 - - [01/May/2026:10:08:53 -0500] "GET /debug.php?fileloc=//bin/pkla-check-authorization&path=//bin HTTP/1.1" 200 3182 "-" "Mozilla/5.0 (compatible; MJ12bot/v1.4.8; http://mj12bot.com/)"
81.167.26.57 - - [01/May/2026:10:08:56 -0500] "GET /debug.php?fileloc=//bin/pkttyagent&path=//bin HTTP/1.1" 200 3168 "-" "Mozilla/5.0 (compatible; MJ12bot/v1.4.8; http://mj12bot.com/)"
81.167.26.57 - - [01/May/2026:10:09:00 -0500] "GET /debug.php?fileloc=//bin/pl2pm&path=//bin HTTP/1.1" 200 7945 "-" "Mozilla/5.0 (compatible; MJ12bot/v1.4.8; http://mj12bot.com/)"
81.167.26.57 - - [01/May/2026:10:09:05 -0500] "GET /debug.php?fileloc=//bin/pldd&path=//bin HTTP/1.1" 200 3162 "-" "Mozilla/5.0 (compatible; MJ12bot/v1.4.8; http://mj12bot.com/)"
81.167.26.57 - - [01/May/2026:10:09:08 -0500] "GET /debug.php?fileloc=//bin/plesk_configure&path=//bin HTTP/1.1" 200 3555 "-" "Mozilla/5.0 (compatible; MJ12bot/v1.4.8; http://mj12bot.com/)"
43.157.149.188 - - [01/May/2026:10:09:14 -0500] "GET /ru/?C=D;O=D HTTP/1.1" 200 629 "-" "Mozilla/5.0 (iPhone; CPU iPhone OS 13_2_3 like Mac OS X) AppleWebKit/605.1.15 (KHTML, like Gecko) Version/13.0.3 Mobile/15E148 Safari/604.1"
81.167.26.57 - - [01/May/2026:10:09:12 -0500] "GET /debug.php?fileloc=//bin/plymouth&path=//bin HTTP/1.1" 200 3166 "-" "Mozilla/5.0 (compatible; MJ12bot/v1.4.8; http://mj12bot.com/)"
81.167.26.57 - - [01/May/2026:10:09:16 -0500] "GET /debug.php?fileloc=//bin/pmap&path=//bin HTTP/1.1" 200 3162 "-" "Mozilla/5.0 (compatible; MJ12bot/v1.4.8; http://mj12bot.com/)"
81.167.26.57 - - [01/May/2026:10:09:20 -0500] "GET /debug.php?fileloc=//bin/pngtogd&path=//bin HTTP/1.1" 200 3165 "-" "Mozilla/5.0 (compatible; MJ12bot/v1.4.8; http://mj12bot.com/)"
81.167.26.57 - - [01/May/2026:10:09:25 -0500] "GET /debug.php?fileloc=//bin/pngtogd2&path=//bin HTTP/1.1" 200 3166 "-" "Mozilla/5.0 (compatible; MJ12bot/v1.4.8; http://mj12bot.com/)"
81.167.26.57 - - [01/May/2026:10:09:30 -0500] "GET /debug.php?fileloc=//bin/pod2html&path=//bin HTTP/1.1" 200 7418 "-" "Mozilla/5.0 (compatible; MJ12bot/v1.4.8; http://mj12bot.com/)"
81.167.26.57 - - [01/May/2026:10:09:36 -0500] "GET /debug.php?fileloc=//bin/pod2latex&path=//bin HTTP/1.1" 200 14392 "-" "Mozilla/5.0 (compatible; MJ12bot/v1.4.8; http://mj12bot.com/)"
81.167.26.57 - - [01/May/2026:10:09:41 -0500] "GET /debug.php?fileloc=//bin/pod2man&path=//bin HTTP/1.1" 200 17901 "-" "Mozilla/5.0 (compatible; MJ12bot/v1.4.8; http://mj12bot.com/)"
47.128.18.32 - - [01/May/2026:10:09:37 -0500] "GET / HTTP/1.1" 200 4055 "-" "Mozilla/5.0 (Linux; Android 5.0) AppleWebKit/537.36 (KHTML, like Gecko) Mobile Safari/537.36 (compatible; Bytespider; spider-feedback@bytedance.com)"
81.167.26.57 - - [01/May/2026:10:09:44 -0500] "GET /debug.php?fileloc=//bin/pod2text&path=//bin HTTP/1.1" 200 15020 "-" "Mozilla/5.0 (compatible; MJ12bot/v1.4.8; http://mj12bot.com/)"
81.167.26.57 - - [01/May/2026:10:09:48 -0500] "GET /debug.php?fileloc=//bin/pod2usage&path=//bin HTTP/1.1" 200 7327 "-" "Mozilla/5.0 (compatible; MJ12bot/v1.4.8; http://mj12bot.com/)"
81.167.26.57 - - [01/May/2026:10:09:52 -0500] "GET /debug.php?fileloc=//bin/podchecker&path=//bin HTTP/1.1" 200 7257 "-" "Mozilla/5.0 (compatible; MJ12bot/v1.4.8; http://mj12bot.com/)"
47.128.119.112 - - [01/May/2026:10:09:56 -0500] "GET /robots.txt HTTP/1.1" 404 - "-" "-"
81.167.26.57 - - [01/May/2026:10:09:57 -0500] "GET /debug.php?fileloc=//bin/podselect&path=//bin HTTP/1.1" 200 6019 "-" "Mozilla/5.0 (compatible; MJ12bot/v1.4.8; http://mj12bot.com/)"
81.167.26.57 - - [01/May/2026:10:10:01 -0500] "GET /debug.php?fileloc=//bin/post-grohtml&path=//bin HTTP/1.1" 200 3170 "-" "Mozilla/5.0 (compatible; MJ12bot/v1.4.8; http://mj12bot.com/)"
81.167.26.57 - - [01/May/2026:10:10:06 -0500] "GET /debug.php?fileloc=//bin/powernow-k8-decode&path=//bin HTTP/1.1" 200 3176 "-" "Mozilla/5.0 (compatible; MJ12bot/v1.4.8; http://mj12bot.com/)"
81.167.26.57 - - [01/May/2026:10:10:11 -0500] "GET /debug.php?fileloc=//bin/pphs&path=//bin HTTP/1.1" 200 3636 "-" "Mozilla/5.0 (compatible; MJ12bot/v1.4.8; http://mj12bot.com/)"
81.167.26.57 - - [01/May/2026:10:10:16 -0500] "GET /debug.php?fileloc=//bin/pr&path=//bin HTTP/1.1" 200 3160 "-" "Mozilla/5.0 (compatible; MJ12bot/v1.4.8; http://mj12bot.com/)"
81.167.26.57 - - [01/May/2026:10:10:20 -0500] "GET /debug.php?fileloc=//bin/pre-grohtml&path=//bin HTTP/1.1" 200 3169 "-" "Mozilla/5.0 (compatible; MJ12bot/v1.4.8; http://mj12bot.com/)"
81.167.26.57 - - [01/May/2026:10:10:24 -0500] "GET /debug.php?fileloc=//bin/precat&path=//bin HTTP/1.1" 200 9605 "-" "Mozilla/5.0 (compatible; MJ12bot/v1.4.8; http://mj12bot.com/)"
81.167.26.57 - - [01/May/2026:10:10:28 -0500] "GET /debug.php?fileloc=//bin/preconv&path=//bin HTTP/1.1" 200 3165 "-" "Mozilla/5.0 (compatible; MJ12bot/v1.4.8; http://mj12bot.com/)"
81.167.26.57 - - [01/May/2026:10:10:32 -0500] "GET /debug.php?fileloc=//bin/preunzip&path=//bin HTTP/1.1" 200 9607 "-" "Mozilla/5.0 (compatible; MJ12bot/v1.4.8; http://mj12bot.com/)"
81.167.26.57 - - [01/May/2026:10:10:35 -0500] "GET /debug.php?fileloc=//bin/prezip&path=//bin HTTP/1.1" 200 9605 "-" "Mozilla/5.0 (compatible; MJ12bot/v1.4.8; http://mj12bot.com/)"
81.167.26.57 - - [01/May/2026:10:10:40 -0500] "GET /debug.php?fileloc=//bin/prezip-bin&path=//bin HTTP/1.1" 200 3168 "-" "Mozilla/5.0 (compatible; MJ12bot/v1.4.8; http://mj12bot.com/)"
81.167.26.57 - - [01/May/2026:10:10:45 -0500] "GET /debug.php?fileloc=//bin/printafm&path=//bin HTTP/1.1" 200 3631 "-" "Mozilla/5.0 (compatible; MJ12bot/v1.4.8; http://mj12bot.com/)"
81.167.26.57 - - [01/May/2026:10:10:49 -0500] "GET /debug.php?fileloc=//bin/printenv&path=//bin HTTP/1.1" 200 3166 "-" "Mozilla/5.0 (compatible; MJ12bot/v1.4.8; http://mj12bot.com/)"
81.167.26.57 - - [01/May/2026:10:10:52 -0500] "GET /debug.php?fileloc=//bin/printf&path=//bin HTTP/1.1" 200 3164 "-" "Mozilla/5.0 (compatible; MJ12bot/v1.4.8; http://mj12bot.com/)"
81.167.26.57 - - [01/May/2026:10:10:58 -0500] "GET /debug.php?fileloc=//bin/prlimit&path=//bin HTTP/1.1" 200 3165 "-" "Mozilla/5.0 (compatible; MJ12bot/v1.4.8; http://mj12bot.com/)"
81.167.26.57 - - [01/May/2026:10:11:02 -0500] "GET /debug.php?fileloc=//bin/procan&path=//bin HTTP/1.1" 200 3164 "-" "Mozilla/5.0 (compatible; MJ12bot/v1.4.8; http://mj12bot.com/)"
81.167.26.57 - - [01/May/2026:10:11:07 -0500] "GET /debug.php?fileloc=//bin/prove&path=//bin HTTP/1.1" 200 17213 "-" "Mozilla/5.0 (compatible; MJ12bot/v1.4.8; http://mj12bot.com/)"
81.167.26.57 - - [01/May/2026:10:11:10 -0500] "GET /debug.php?fileloc=//bin/prtstat&path=//bin HTTP/1.1" 200 3165 "-" "Mozilla/5.0 (compatible; MJ12bot/v1.4.8; http://mj12bot.com/)"
43.135.148.92 - - [01/May/2026:10:11:13 -0500] "GET /ru/?C=S;O=A HTTP/1.1" 200 629 "-" "Mozilla/5.0 (iPhone; CPU iPhone OS 13_2_3 like Mac OS X) AppleWebKit/605.1.15 (KHTML, like Gecko) Version/13.0.3 Mobile/15E148 Safari/604.1"
81.167.26.57 - - [01/May/2026:10:11:13 -0500] "GET /debug.php?fileloc=//bin/ps&path=//bin HTTP/1.1" 200 3160 "-" "Mozilla/5.0 (compatible; MJ12bot/v1.4.8; http://mj12bot.com/)"
81.167.26.57 - - [01/May/2026:10:11:17 -0500] "GET /debug.php?fileloc=//bin/ps2ascii&path=//bin HTTP/1.1" 200 3847 "-" "Mozilla/5.0 (compatible; MJ12bot/v1.4.8; http://mj12bot.com/)"
81.167.26.57 - - [01/May/2026:10:11:21 -0500] "GET /debug.php?fileloc=//bin/ps2epsi&path=//bin HTTP/1.1" 200 6608 "-" "Mozilla/5.0 (compatible; MJ12bot/v1.4.8; http://mj12bot.com/)"
81.167.26.57 - - [01/May/2026:10:11:26 -0500] "GET /debug.php?fileloc=//bin/ps2pdf&path=//bin HTTP/1.1" 200 3496 "-" "Mozilla/5.0 (compatible; MJ12bot/v1.4.8; http://mj12bot.com/)"
81.167.26.57 - - [01/May/2026:10:11:31 -0500] "GET /debug.php?fileloc=//bin/ps2pdf12&path=//bin HTTP/1.1" 200 3441 "-" "Mozilla/5.0 (compatible; MJ12bot/v1.4.8; http://mj12bot.com/)"
81.167.26.57 - - [01/May/2026:10:11:35 -0500] "GET /debug.php?fileloc=//bin/ps2pdf13&path=//bin HTTP/1.1" 200 3441 "-" "Mozilla/5.0 (compatible; MJ12bot/v1.4.8; http://mj12bot.com/)"
81.167.26.57 - - [01/May/2026:10:11:38 -0500] "GET /debug.php?fileloc=//bin/ps2pdf14&path=//bin HTTP/1.1" 200 3441 "-" "Mozilla/5.0 (compatible; MJ12bot/v1.4.8; http://mj12bot.com/)"
81.167.26.57 - - [01/May/2026:10:11:42 -0500] "GET /debug.php?fileloc=//bin/ps2pdfwr&path=//bin HTTP/1.1" 200 4490 "-" "Mozilla/5.0 (compatible; MJ12bot/v1.4.8; http://mj12bot.com/)"
81.167.26.57 - - [01/May/2026:10:11:45 -0500] "GET /debug.php?fileloc=//bin/ps2ps&path=//bin HTTP/1.1" 200 3984 "-" "Mozilla/5.0 (compatible; MJ12bot/v1.4.8; http://mj12bot.com/)"
81.167.26.57 - - [01/May/2026:10:11:49 -0500] "GET /debug.php?fileloc=//bin/ps2ps2&path=//bin HTTP/1.1" 200 3947 "-" "Mozilla/5.0 (compatible; MJ12bot/v1.4.8; http://mj12bot.com/)"
81.167.26.57 - - [01/May/2026:10:11:53 -0500] "GET /debug.php?fileloc=//bin/psed&path=//bin HTTP/1.1" 200 60162 "-" "Mozilla/5.0 (compatible; MJ12bot/v1.4.8; http://mj12bot.com/)"
81.167.26.57 - - [01/May/2026:10:11:58 -0500] "GET /debug.php?fileloc=//bin/psfaddtable&path=//bin HTTP/1.1" 200 3169 "-" "Mozilla/5.0 (compatible; MJ12bot/v1.4.8; http://mj12bot.com/)"
81.167.26.57 - - [01/May/2026:10:12:02 -0500] "GET /debug.php?fileloc=//bin/psfgettable&path=//bin HTTP/1.1" 200 3169 "-" "Mozilla/5.0 (compatible; MJ12bot/v1.4.8; http://mj12bot.com/)"
81.167.26.57 - - [01/May/2026:10:12:05 -0500] "GET /debug.php?fileloc=//bin/psfstriptable&path=//bin HTTP/1.1" 200 3171 "-" "Mozilla/5.0 (compatible; MJ12bot/v1.4.8; http://mj12bot.com/)"
43.165.65.117 - - [01/May/2026:10:12:28 -0500] "GET /debug.php?fileloc=/home/kwssawblade/public_html/test_verify.html&path=/home/kwssawblade/public_html HTTP/1.1" 200 3474 "-" "Mozilla/5.0 (iPhone; CPU iPhone OS 13_2_3 like Mac OS X) AppleWebKit/605.1.15 (KHTML, like Gecko) Version/13.0.3 Mobile/15E148 Safari/604.1"
45.74.3.87 - - [01/May/2026:10:12:53 -0500] "GET / HTTP/1.0" 200 4055 "http://routerbitforwood.com/" "Mozilla/5.0 (Windows NT 10.0; Win64; x64) AppleWebKit/537.36 (KHTML, like Gecko) Chrome/131.0.0.0 Safari/537.36"
47.128.18.21 - - [01/May/2026:10:13:43 -0500] "GET /bcec1d52.php HTTP/1.1" 404 - "-" "Mozilla/5.0 (Linux; Android 5.0) AppleWebKit/537.36 (KHTML, like Gecko) Mobile Safari/537.36 (compatible; Bytespider; spider-feedback@bytedance.com)"
47.128.119.158 - - [01/May/2026:10:13:56 -0500] "GET / HTTP/1.1" 200 4055 "-" "Mozilla/5.0 (Linux; Android 5.0) AppleWebKit/537.36 (KHTML, like Gecko) Mobile Safari/537.36 (compatible; TikTokSpider; ttspider-feedback@tiktok.com)"
36.37.209.184 - - [01/May/2026:10:14:01 -0500] "GET /sftp-config.json HTTP/1.1" 404 - "-" "Mozilla/5.0 (Macintosh; Intel Mac OS X 10.15; rv:77.0) Gecko/20100101 Firefox/77.0"
36.37.209.184 - - [01/May/2026:10:14:01 -0500] "GET /.vscode/sftp.json HTTP/1.1" 404 - "-" "Mozilla/5.0 (Macintosh; Intel Mac OS X 10.15; rv:77.0) Gecko/20100101 Firefox/77.0"
43.153.10.83 - - [01/May/2026:10:14:25 -0500] "GET /cgi-cache-0a72e6/?C=M;O=A HTTP/1.1" 200 836 "-" "Mozilla/5.0 (iPhone; CPU iPhone OS 13_2_3 like Mac OS X) AppleWebKit/605.1.15 (KHTML, like Gecko) Version/13.0.3 Mobile/15E148 Safari/604.1"
103.42.240.27 - - [01/May/2026:10:15:18 -0500] "GET /7a54a18b.php HTTP/1.1" 404 - "-" "python-requests/2.32.5"
103.42.240.27 - - [01/May/2026:10:15:18 -0500] "GET /80622df0/93220582.php HTTP/1.1" 404 - "-" "python-requests/2.32.5"
103.42.240.27 - - [01/May/2026:10:15:18 -0500] "GET /assets/08ca4591.php HTTP/1.1" 404 - "-" "python-requests/2.32.5"
43.130.131.18 - - [01/May/2026:10:16:55 -0500] "GET / HTTP/1.1" 200 4412 "-" "Mozilla/5.0 (iPhone; CPU iPhone OS 13_2_3 like Mac OS X) AppleWebKit/605.1.15 (KHTML, like Gecko) Version/13.0.3 Mobile/15E148 Safari/604.1"
47.128.18.18 - - [01/May/2026:10:17:38 -0500] "GET /?C=N%3BO=D HTTP/1.1" 200 4412 "-" "Mozilla/5.0 (Linux; Android 5.0) AppleWebKit/537.36 (KHTML, like Gecko) Mobile Safari/537.36 (compatible; Bytespider; spider-feedback@bytedance.com)"
43.130.9.111 - - [01/May/2026:10:18:04 -0500] "GET /cgi-cache-0a72e6/handler.php HTTP/1.1" 200 - "-" "Mozilla/5.0 (iPhone; CPU iPhone OS 13_2_3 like Mac OS X) AppleWebKit/605.1.15 (KHTML, like Gecko) Version/13.0.3 Mobile/15E148 Safari/604.1"
138.197.191.87 - - [01/May/2026:10:18:33 -0500] "\x16\x03\x01\x05\xc6\x01" 404 - "-" "-"
138.197.191.87 - - [01/May/2026:10:18:34 -0500] "LEAKIX" 404 - "-" "-"
103.42.240.27 - - [01/May/2026:10:18:44 -0500] "GET /67d16b95.php HTTP/1.1" 404 - "-" "python-requests/2.32.5"
103.42.240.27 - - [01/May/2026:10:18:44 -0500] "GET /a902383d/bcb9a406.php HTTP/1.1" 404 - "-" "python-requests/2.32.5"
103.42.240.27 - - [01/May/2026:10:18:44 -0500] "GET /assets/3aa5f12b.php HTTP/1.1" 404 - "-" "python-requests/2.32.5"
49.51.243.156 - - [01/May/2026:10:18:47 -0500] "GET /tmp/?C=S;O=A HTTP/1.1" 200 839 "-" "Mozilla/5.0 (iPhone; CPU iPhone OS 13_2_3 like Mac OS X) AppleWebKit/605.1.15 (KHTML, like Gecko) Version/13.0.3 Mobile/15E148 Safari/604.1"
138.197.191.87 - - [01/May/2026:10:18:47 -0500] "GET / HTTP/1.1" 200 4769 "-" "Mozilla/5.0 (l9scan/2.0.932313e2134313e24343e2936313; +https://leakix.net)"
138.197.191.87 - - [01/May/2026:10:18:56 -0500] "GET /console/ HTTP/1.1" 404 - "-" "Mozilla/5.0 (l9scan/2.0.932313e2134313e24343e2936313; +https://leakix.net)"
138.197.191.87 - - [01/May/2026:10:18:56 -0500] "GET /server HTTP/1.1" 404 - "-" "Mozilla/5.0 (l9scan/2.0.932313e2134313e24343e2936313; +https://leakix.net)"
51.89.167.1 - - [01/May/2026:10:18:56 -0500] "GET / HTTP/1.1" 200 4769 "-" "Go-http-client/1.1"
138.197.191.87 - - [01/May/2026:10:18:57 -0500] "GET /server-status HTTP/1.1" 404 - "-" "Mozilla/5.0 (l9scan/2.0.932313e2134313e24343e2936313; +https://leakix.net)"
51.89.167.1 - - [01/May/2026:10:18:58 -0500] "GET /80622df0/ HTTP/1.1" 200 821 "-" "Go-http-client/1.1"
51.89.167.1 - - [01/May/2026:10:18:58 -0500] "GET /809147a8/ HTTP/1.1" 200 821 "-" "Go-http-client/1.1"
51.89.167.1 - - [01/May/2026:10:18:58 -0500] "GET /a66fed23/ HTTP/1.1" 200 821 "-" "Go-http-client/1.1"
51.89.167.1 - - [01/May/2026:10:18:58 -0500] "GET /a902383d/ HTTP/1.1" 200 821 "-" "Go-http-client/1.1"
138.197.191.87 - - [01/May/2026:10:18:58 -0500] "GET /about HTTP/1.1" 404 - "-" "Mozilla/5.0 (l9scan/2.0.932313e2134313e24343e2936313; +https://leakix.net)"
51.89.167.1 - - [01/May/2026:10:18:59 -0500] "GET /assets/ HTTP/1.1" 200 1537 "-" "Go-http-client/1.1"
138.197.191.87 - - [01/May/2026:10:19:00 -0500] "GET /login.action HTTP/1.1" 404 - "-" "Mozilla/5.0 (l9scan/2.0.932313e2134313e24343e2936313; +https://leakix.net)"
51.89.167.1 - - [01/May/2026:10:19:00 -0500] "GET /cgi-cache-0a72e6/ HTTP/1.1" 200 836 "-" "Go-http-client/1.1"
51.89.167.1 - - [01/May/2026:10:19:00 -0500] "GET /dc936b7c/ HTTP/1.1" 200 821 "-" "Go-http-client/1.1"
51.89.167.1 - - [01/May/2026:10:19:01 -0500] "GET /ru/ HTTP/1.1" 200 629 "-" "Go-http-client/1.1"
138.197.191.87 - - [01/May/2026:10:19:01 -0500] "GET /___proxy_subdomain_whm HTTP/1.1" 404 - "-" "Mozilla/5.0 (l9scan/2.0.932313e2134313e24343e2936313; +https://leakix.net)"
51.89.167.1 - - [01/May/2026:10:19:01 -0500] "GET /slotting-milling-cutter-disc/ HTTP/1.1" 200 79897 "-" "Go-http-client/1.1"
138.197.191.87 - - [01/May/2026:10:19:01 -0500] "GET /___proxy_subdomain_cpanel HTTP/1.1" 404 - "-" "Mozilla/5.0 (l9scan/2.0.932313e2134313e24343e2936313; +https://leakix.net)"
51.89.167.1 - - [01/May/2026:10:19:02 -0500] "HEAD /test_verify.html HTTP/1.1" 200 - "-" "Go-http-client/1.1"
138.197.191.87 - - [01/May/2026:10:19:02 -0500] "GET /v2/_catalog HTTP/1.1" 404 - "-" "Mozilla/5.0 (l9scan/2.0.932313e2134313e24343e2936313; +https://leakix.net)"
51.89.167.1 - - [01/May/2026:10:19:02 -0500] "GET /test_verify.html HTTP/1.1" 200 113 "-" "Go-http-client/1.1"
138.197.191.87 - - [01/May/2026:10:19:04 -0500] "GET /.DS_Store HTTP/1.1" 404 - "-" "Mozilla/5.0 (l9scan/2.0.932313e2134313e24343e2936313; +https://leakix.net)"
138.197.191.87 - - [01/May/2026:10:19:05 -0500] "GET /.env HTTP/1.1" 404 - "-" "Mozilla/5.0 (l9scan/2.0.932313e2134313e24343e2936313; +https://leakix.net)"
138.197.191.87 - - [01/May/2026:10:19:07 -0500] "GET /ecp/Current/exporttool/microsoft.exchange.ediscovery.exporttool.application HTTP/1.1" 404 - "-" "Mozilla/5.0 (l9scan/2.0.932313e2134313e24343e2936313; +https://leakix.net)"
51.89.167.1 - - [01/May/2026:10:19:08 -0500] "GET /tmp/ HTTP/1.1" 200 839 "-" "Go-http-client/1.1"
51.89.167.1 - - [01/May/2026:10:19:08 -0500] "HEAD /tmp/sess_3b99891790cba04b70d74fa5fac32c75 HTTP/1.1" 404 - "-" "Go-http-client/1.1"
138.197.191.87 - - [01/May/2026:10:19:08 -0500] "GET /.git/config HTTP/1.1" 404 - "-" "Mozilla/5.0 (l9scan/2.0.932313e2134313e24343e2936313; +https://leakix.net)"
138.197.191.87 - - [01/May/2026:10:19:09 -0500] "POST /graphql HTTP/1.1" 404 - "-" "Mozilla/5.0 (l9scan/2.0.932313e2134313e24343e2936313; +https://leakix.net)"
138.197.191.87 - - [01/May/2026:10:19:10 -0500] "POST /api HTTP/1.1" 404 - "-" "Mozilla/5.0 (l9scan/2.0.932313e2134313e24343e2936313; +https://leakix.net)"
138.197.191.87 - - [01/May/2026:10:19:10 -0500] "POST /api/graphql HTTP/1.1" 404 - "-" "Mozilla/5.0 (l9scan/2.0.932313e2134313e24343e2936313; +https://leakix.net)"
138.197.191.87 - - [01/May/2026:10:19:11 -0500] "POST /graphql/api HTTP/1.1" 404 - "-" "Mozilla/5.0 (l9scan/2.0.932313e2134313e24343e2936313; +https://leakix.net)"
138.197.191.87 - - [01/May/2026:10:19:11 -0500] "POST /api/gql HTTP/1.1" 404 - "-" "Mozilla/5.0 (l9scan/2.0.932313e2134313e24343e2936313; +https://leakix.net)"
138.197.191.87 - - [01/May/2026:10:19:12 -0500] "GET /s/932313e2134313e24343e2936313/_/;/META-INF/maven/com.atlassian.jira/jira-webapp-dist/pom.properties HTTP/1.1" 404 - "-" "Mozilla/5.0 (l9scan/2.0.932313e2134313e24343e2936313; +https://leakix.net)"
138.197.191.87 - - [01/May/2026:10:19:13 -0500] "GET /config.json HTTP/1.1" 404 - "-" "Mozilla/5.0 (l9scan/2.0.932313e2134313e24343e2936313; +https://leakix.net)"
138.197.191.87 - - [01/May/2026:10:19:14 -0500] "GET /telescope/requests HTTP/1.1" 404 - "-" "Mozilla/5.0 (l9scan/2.0.932313e2134313e24343e2936313; +https://leakix.net)"
138.197.191.87 - - [01/May/2026:10:19:15 -0500] "GET /info.php HTTP/1.1" 404 16 "-" "Mozilla/5.0 (l9scan/2.0.932313e2134313e24343e2936313; +https://leakix.net)"
138.197.191.87 - - [01/May/2026:10:19:16 -0500] "GET /.well-known/security.txt HTTP/1.1" 404 - "-" "Mozilla/5.0 (l9scan/2.0.932313e2134313e24343e2936313; +https://leakix.net)"
138.197.191.87 - - [01/May/2026:10:19:17 -0500] "GET /actuator/env HTTP/1.1" 404 - "-" "Mozilla/5.0 (l9scan/2.0.932313e2134313e24343e2936313; +https://leakix.net)"
138.197.191.87 - - [01/May/2026:10:19:19 -0500] "GET /swagger-ui.html HTTP/1.1" 404 - "-" "Mozilla/5.0 (l9scan/2.0.932313e2134313e24343e2936313; +https://leakix.net)"
138.197.191.87 - - [01/May/2026:10:19:20 -0500] "GET /swagger/index.html HTTP/1.1" 404 - "-" "Mozilla/5.0 (l9scan/2.0.932313e2134313e24343e2936313; +https://leakix.net)"
138.197.191.87 - - [01/May/2026:10:19:21 -0500] "GET /swagger/swagger-ui.html HTTP/1.1" 404 - "-" "Mozilla/5.0 (l9scan/2.0.932313e2134313e24343e2936313; +https://leakix.net)"
138.197.191.87 - - [01/May/2026:10:19:22 -0500] "GET /webjars/swagger-ui/index.html HTTP/1.1" 404 - "-" "Mozilla/5.0 (l9scan/2.0.932313e2134313e24343e2936313; +https://leakix.net)"
138.197.191.87 - - [01/May/2026:10:19:23 -0500] "GET /swagger.json HTTP/1.1" 404 - "-" "Mozilla/5.0 (l9scan/2.0.932313e2134313e24343e2936313; +https://leakix.net)"
138.197.191.87 - - [01/May/2026:10:19:24 -0500] "GET /swagger/v1/swagger.json HTTP/1.1" 404 - "-" "Mozilla/5.0 (l9scan/2.0.932313e2134313e24343e2936313; +https://leakix.net)"
138.197.191.87 - - [01/May/2026:10:19:25 -0500] "GET /v2/api-docs HTTP/1.1" 404 - "-" "Mozilla/5.0 (l9scan/2.0.932313e2134313e24343e2936313; +https://leakix.net)"
138.197.191.87 - - [01/May/2026:10:19:26 -0500] "GET /v3/api-docs HTTP/1.1" 404 - "-" "Mozilla/5.0 (l9scan/2.0.932313e2134313e24343e2936313; +https://leakix.net)"
138.197.191.87 - - [01/May/2026:10:19:27 -0500] "GET /api-docs/swagger.json HTTP/1.1" 404 - "-" "Mozilla/5.0 (l9scan/2.0.932313e2134313e24343e2936313; +https://leakix.net)"
138.197.191.87 - - [01/May/2026:10:19:28 -0500] "GET /api/swagger.json HTTP/1.1" 404 - "-" "Mozilla/5.0 (l9scan/2.0.932313e2134313e24343e2936313; +https://leakix.net)"
138.197.191.87 - - [01/May/2026:10:19:29 -0500] "GET /trace.axd HTTP/1.1" 404 - "-" "Mozilla/5.0 (l9scan/2.0.932313e2134313e24343e2936313; +https://leakix.net)"
138.197.191.87 - - [01/May/2026:10:19:30 -0500] "GET /@vite/env HTTP/1.1" 404 - "-" "Mozilla/5.0 (l9scan/2.0.932313e2134313e24343e2936313; +https://leakix.net)"
138.197.191.87 - - [01/May/2026:10:19:31 -0500] "GET /.vscode/sftp.json HTTP/1.1" 404 - "-" "Mozilla/5.0 (l9scan/2.0.932313e2134313e24343e2936313; +https://leakix.net)"
138.197.191.87 - - [01/May/2026:10:19:32 -0500] "OPTIONS / HTTP/1.1" 200 - "-" "Mozilla/5.0 (l9scan/2.0.932313e2134313e24343e2936313; +https://leakix.net)"
138.197.191.87 - - [01/May/2026:10:19:33 -0500] "GET /?rest_route=/wp/v2/users/ HTTP/1.1" 200 4769 "-" "Mozilla/5.0 (l9scan/2.0.932313e2134313e24343e2936313; +https://leakix.net)"
138.197.191.87 - - [01/May/2026:10:19:34 -0500] "GET /debug/default/view?panel=config HTTP/1.1" 404 - "-" "Mozilla/5.0 (l9scan/2.0.932313e2134313e24343e2936313; +https://leakix.net)"
216.244.66.244 - - [01/May/2026:10:20:00 -0500] "GET /robots.txt HTTP/1.1" 404 - "-" "Mozilla/5.0 (compatible; DotBot/1.2; +https://opensiteexplorer.org/dotbot; help@moz.com)"
43.157.46.118 - - [01/May/2026:10:21:02 -0500] "GET /ru/?C=N;O=A HTTP/1.1" 200 629 "-" "Mozilla/5.0 (iPhone; CPU iPhone OS 13_2_3 like Mac OS X) AppleWebKit/605.1.15 (KHTML, like Gecko) Version/13.0.3 Mobile/15E148 Safari/604.1"
170.106.192.3 - - [01/May/2026:10:21:23 -0500] "GET /debug.php?fileloc=/home/kwssawblade/public_html/303.php&path=/home/kwssawblade/public_html HTTP/1.1" 200 4523 "-" "Mozilla/5.0 (iPhone; CPU iPhone OS 13_2_3 like Mac OS X) AppleWebKit/605.1.15 (KHTML, like Gecko) Version/13.0.3 Mobile/15E148 Safari/604.1"
47.128.18.218 - - [01/May/2026:10:21:40 -0500] "GET /envato-market.php HTTP/1.1" 200 - "-" "Mozilla/5.0 (Linux; Android 5.0) AppleWebKit/537.36 (KHTML, like Gecko) Mobile Safari/537.36 (compatible; Bytespider; spider-feedback@bytedance.com)"
47.128.119.20 - - [01/May/2026:10:21:57 -0500] "GET /?C=N%3BO=D HTTP/1.1" 200 4769 "-" "Mozilla/5.0 (Linux; Android 5.0) AppleWebKit/537.36 (KHTML, like Gecko) Mobile Safari/537.36 (compatible; TikTokSpider; ttspider-feedback@tiktok.com)"
147.135.214.95 - - [01/May/2026:10:23:03 -0500] "GET /robots.txt HTTP/1.1" 404 - "-" "Mozilla/5.0 (compatible; MJ12bot/v1.4.8; http://mj12bot.com/)"
147.135.214.95 - - [01/May/2026:10:23:05 -0500] "GET /303.php HTTP/1.1" 200 13 "-" "Mozilla/5.0 (compatible; MJ12bot/v1.4.8; http://mj12bot.com/)"
147.135.214.95 - - [01/May/2026:10:23:06 -0500] "GET /420.php HTTP/1.1" 200 706 "-" "Mozilla/5.0 (compatible; MJ12bot/v1.4.8; http://mj12bot.com/)"
147.135.214.95 - - [01/May/2026:10:23:08 -0500] "GET /?C=D;O=A HTTP/1.1" 200 4769 "-" "Mozilla/5.0 (compatible; MJ12bot/v1.4.8; http://mj12bot.com/)"
147.135.214.95 - - [01/May/2026:10:23:13 -0500] "GET /?C=M;O=A HTTP/1.1" 200 4769 "-" "Mozilla/5.0 (compatible; MJ12bot/v1.4.8; http://mj12bot.com/)"
147.135.214.95 - - [01/May/2026:10:23:19 -0500] "GET /?C=N;O=D HTTP/1.1" 200 4769 "-" "Mozilla/5.0 (compatible; MJ12bot/v1.4.8; http://mj12bot.com/)"
147.135.214.95 - - [01/May/2026:10:23:27 -0500] "GET /?C=S;O=A HTTP/1.1" 200 4769 "-" "Mozilla/5.0 (compatible; MJ12bot/v1.4.8; http://mj12bot.com/)"
147.135.214.95 - - [01/May/2026:10:23:29 -0500] "GET /cgi-cache-0a72e6/ HTTP/1.1" 200 836 "-" "Mozilla/5.0 (compatible; MJ12bot/v1.4.8; http://mj12bot.com/)"
147.135.214.95 - - [01/May/2026:10:23:30 -0500] "GET /debug.php HTTP/1.1" 200 21873 "-" "Mozilla/5.0 (compatible; MJ12bot/v1.4.8; http://mj12bot.com/)"
147.135.214.95 - - [01/May/2026:10:23:33 -0500] "GET /envato-market.php HTTP/1.1" 200 - "-" "Mozilla/5.0 (compatible; MJ12bot/v1.4.8; http://mj12bot.com/)"
147.135.214.95 - - [01/May/2026:10:23:34 -0500] "GET /lulzm.php HTTP/1.1" 200 10672 "-" "Mozilla/5.0 (compatible; MJ12bot/v1.4.8; http://mj12bot.com/)"
147.135.214.95 - - [01/May/2026:10:23:36 -0500] "GET /ru/ HTTP/1.1" 200 629 "-" "Mozilla/5.0 (compatible; MJ12bot/v1.4.8; http://mj12bot.com/)"
147.135.214.95 - - [01/May/2026:10:23:37 -0500] "GET /slotting-milling-cutter-disc/ HTTP/1.1" 200 79897 "-" "Mozilla/5.0 (compatible; MJ12bot/v1.4.8; http://mj12bot.com/)"
147.135.214.95 - - [01/May/2026:10:23:39 -0500] "GET /test_verify.html HTTP/1.1" 200 113 "-" "Mozilla/5.0 (compatible; MJ12bot/v1.4.8; http://mj12bot.com/)"
147.135.214.95 - - [01/May/2026:10:23:41 -0500] "GET /tmp/ HTTP/1.1" 200 839 "-" "Mozilla/5.0 (compatible; MJ12bot/v1.4.8; http://mj12bot.com/)"
43.130.57.76 - - [01/May/2026:10:25:07 -0500] "GET /ru/?C=S;O=A HTTP/1.1" 200 629 "-" "Mozilla/5.0 (iPhone; CPU iPhone OS 13_2_3 like Mac OS X) AppleWebKit/605.1.15 (KHTML, like Gecko) Version/13.0.3 Mobile/15E148 Safari/604.1"
43.166.224.244 - - [01/May/2026:10:25:07 -0500] "GET / HTTP/1.1" 200 4769 "-" "Mozilla/5.0 (iPhone; CPU iPhone OS 13_2_3 like Mac OS X) AppleWebKit/605.1.15 (KHTML, like Gecko) Version/13.0.3 Mobile/15E148 Safari/604.1"
47.128.18.185 - - [01/May/2026:10:25:42 -0500] "GET /?C=M%3BO=A HTTP/1.1" 200 4769 "-" "Mozilla/5.0 (Linux; Android 5.0) AppleWebKit/537.36 (KHTML, like Gecko) Mobile Safari/537.36 (compatible; Bytespider; spider-feedback@bytedance.com)"